t is the remainder when p is divided by o?
2
Let m be -2*(2/3 + (-7)/(-21)). Let d(k) = 15*k**2 + 4*k + 4. Let t be d(m). Suppose -258 + t = -2*v. Calculate the remainder when v is divided by 17.
16
Let k(p) = 190*p**3 - 19*p**2 + 11*p. What is the remainder when k(2) is divided by 13?
10
Suppose 692*r = 373*r + 108141. What is the remainder when r is divided by 109?
12
Suppose 3*y = 14*o - 12*o - 992, -2*o = 4*y - 992. Let w = 543 - o. Calculate the remainder when 81 is divided by w.
34
Suppose 65*t - 48*t - 2449 = 866. What is the remainder when 575 is divided by t?
185
Let y(i) = 11*i**2 - 125*i - 589. Calculate the remainder when y(-5) is divided by 63.
59
Suppose -23*w + 13 = 3*y - 25*w, -3*y = 2*w - 5. Suppose -y*q - 91 = -z, 5*z + q - 68 - 387 = 0. What is the remainder when z is divided by 24?
19
Let k = -781 - -513. Let a = 540 + k. What is the remainder when a is divided by 46?
42
Let a(w) = -2*w**3 - 15*w**2 + w + 81. Calculate the remainder when (-53)/(4/(-7 + 3)) is divided by a(-7).
3
Suppose 0 = -4*q + 47*p - 45*p + 150, 0 = -q - p + 33. Calculate the remainder when 2012 is divided by q.
32
Let r(u) = u**3 + 10*u**2 + 10*u - 29. Calculate the remainder when 1211 is divided by r(-4).
23
Suppose 365*x = 366*x - 444. Suppose x + 1188 = 17*a. Calculate the remainder when a is divided by 25.
21
Suppose 5*d + 2*g + 10 = 0, -30 = 3*d + 5*g - 5. Suppose 4*h + 59 - 87 = d. What is the remainder when 27 is divided by h?
6
Let h = 22104 + -21913. What is the remainder when 1511 is divided by h?
174
Suppose -14*f + 102 = -11*f. Let d = f + -39. Calculate the remainder when (-1)/(-2)*d*2872/(-20) is divided by 60.
59
Suppose 651*k = 386*k + 104909 + 132796. Calculate the remainder when k is divided by 231.
204
Suppose 9*f - 46 = 32*f. Let a(r) = -2*r - 1. Let i be a(-3). Let l = i + f. What is the remainder when 4 is divided by l?
1
Suppose 4*d - 1723 = j, 2*d + j = -95 + 964. Let t = d + -357. What is the remainder when t is divided by 54?
21
Suppose 5*v = g + 2698, -5*g = -12*v + 9*v + 1588. What is the remainder when v is divided by 519?
22
Let f(t) = t**3 - 42*t**2 - 50*t + 552. Calculate the remainder when f(44) is divided by 738.
10
Let t = 1168 - 996. What is the remainder when t is divided by 35?
32
Suppose 21 = 5*q + 4*v, 1 = 4*v + 5. Suppose -4*t + 10 = 2*a - t, q*t = -3*a + 14. What is the remainder when a/(-6) - -1 - (-109)/3 is divided by 7?
1
Let z = 5289 + -4550. What is the remainder when z is divided by 62?
57
Let x(k) = 4*k + 7*k - 6*k - 6*k. Let c be (3/4)/((-1)/24). What is the remainder when 34 is divided by x(c)?
16
Suppose 23*i + 19*i = -i + 25198. Calculate the remainder when i is divided by 7.
5
Suppose m - 83 = -2*k, -36*m + 38*m + 170 = 4*k. Calculate the remainder when 795 is divided by k.
39
Suppose -799 = -2*i - 3*b, 529 = 2*i - 4*b - 305. What is the remainder when i is divided by (-3)/(-2)*(-20)/35*476/(-8)?
50
Suppose 180 = -6*t + 192. Suppose f - t*u - 9 = 0, -5*f = -2*u + 7*u - 105. Suppose 2*b - b = 63. What is the remainder when b is divided by f?
12
Let m(d) = -26*d - 3. Let q be m(-10). Let a = q - 43. Calculate the remainder when a is divided by 18.
16
Suppose 810*l - 5*g = 811*l - 37, 2*g + 8 = 0. What is the remainder when 905 is divided by l?
50
Let k(a) be the first derivative of a**3/3 - 4*a**2 + 2*a - 9. Suppose 17*n = 13*n + 28. Calculate the remainder when k(9) is divided by n.
4
What is the remainder when ((-10 - -23) + 17)/(6/44) is divided by 83?
54
Suppose 124 + 205 = 7*i. Calculate the remainder when i is divided by -4 - 1*(-3 - (-1 - -4)).
1
Let a = 100 + -100. Suppose -2*l - 7*z - 167 = -2*z, a = 4*l - z + 367. Let n = 98 + l. Calculate the remainder when 124 is divided by n.
5
Let u(q) = -4*q + 23. Let c = -2 + 5. Suppose 0 = -4*d - c*a - 12 + 35, -a + 13 = 4*d. What is the remainder when u(2) is divided by d?
1
What is the remainder when 847 is divided by ((0 - 4)/4)/1 - (-276 + -2)?
16
Suppose w = 2*z + 50, w - 69*z - 18 = -71*z. Calculate the remainder when 19583 is divided by w.
33
Let c(q) = -643*q + 6443. What is the remainder when 2609 is divided by c(10)?
9
Suppose -5*d + 15 = -0. Let b be (-301)/(-6) + (-32)/192. Suppose -t - g + 5 = -6, 4*t - 2*g = b. What is the remainder when t is divided by d?
0
Let f = 5754 - 5741. What is the remainder when f is divided by 11?
2
Let r(x) = 94*x - 430. What is the remainder when r(5) is divided by 6?
4
Let q(p) = 21*p**3 + 0 + 4 - 33*p + 26*p + 5*p**2 + 4*p**3. Calculate the remainder when q(2) is divided by 44.
34
Let s(m) = -m**3 + 12*m**2 - 8*m + 9. Let f be (-16)/4 + 0/(-2). Let d be ((-60)/8 - -2)/(2/f). What is the remainder when 291 is divided by s(d)?
39
Let z(n) = -33*n + 5. What is the remainder when z(-11) is divided by 2/(5*(6 + (-928)/155))?
27
Suppose 3 + 5 = 2*o, -2*y + 18 = 3*o. Suppose -5*n = -2*z + 174, y*z + 3*n - 307 = -n. Calculate the remainder when z is divided by 30.
7
Suppose -9*p + 4106 = 21*p + 3806. What is the remainder when 2155 is divided by p?
5
Let l(x) = 317*x**2 + 190*x - 189. What is the remainder when 949 is divided by l(1)?
313
Suppose 0 = -3*v + 2*v - b - 6, -5*v = b + 18. Let x be 0 + (-2 - -1) + -1. What is the remainder when 202 is divided by v - x - 3 - -45?
38
Let d(m) = 30*m - 3. Suppose -4*x + 9*x - 20 = 0. Suppose 3*u + 3*w = 15, -w = -0*w - x. Calculate the remainder when 106 is divided by d(u).
25
Suppose -81 = -5*l + 3*g, 4*g + 0*g - 22 = -2*l. Suppose -98 = -i + l. Calculate the remainder when i is divided by (-58)/(-11)*(-1771)/(-322).
26
Let b = 4440 - 4249. Calculate the remainder when b is divided by 45.
11
Let p be (-2)/12 + (-3760)/(-96). Suppose -17 = r + p. Let l = r + 104. What is the remainder when l is divided by 10?
8
Let m = -4 + 16. Calculate the remainder when ((-2)/(-4)*-1)/(249/(-77190)) is divided by m.
11
What is the remainder when 6884 is divided by -142*(-2 + (-12 - (-135)/10))?
68
Suppose 198 = 13*b - 10*b. Let t = 117 - 109. What is the remainder when 494/t - (-2 - b/(-24)) is divided by 9?
7
Let d(g) = 388*g - 1495. What is the remainder when 1037 is divided by d(4)?
11
Suppose o = 4, 0 = -2*d + 377*o - 372*o + 668. What is the remainder when d is divided by ((-696)/30)/(4/(-10))?
54
Calculate the remainder when 5/((-15)/1818)*-186*(-32)/(-384) is divided by 58.
55
Suppose 31*a - 106 = 173. Suppose -a*i + 1218 + 60 = 0. What is the remainder when i is divided by 8?
6
Let h(l) = 70*l**2 + 3*l + 2. Let o be h(-1). Suppose 0 = -o*p + 74*p - 1145. Calculate the remainder when p is divided by 78.
73
Suppose 7*v - 3*v - 1 = a, 3*a + 3*v = 12. Calculate the remainder when 82 is divided by (a + 4 + -1)*(-14)/(-3).
26
Let i(l) = -8*l**3 - 79*l**2 + 17*l + 141. What is the remainder when i(-11) is divided by 150?
143
Suppose 7*o - 3*o = 5*w + 21, -2*w - 14 = 4*o. What is the remainder when w/2*(11 - 31) is divided by 11?
6
Suppose -4*l = 75 - 371. Let j be (-891)/22*(-12)/9. What is the remainder when l is divided by (-81)/1*(-18)/j?
20
Suppose 0 = 16*o - 18 + 2. Suppose o = 6*c - 209. Let f = -111 - -246. Calculate the remainder when f is divided by c.
30
Let o = 1 - -21. Let b be (-4)/(-10) + (-39)/(-65). Let j(w) = 67*w - 2. What is the remainder when j(b) is divided by o?
21
Suppose -68 = -2*b - 2*l + 10, 5*b + 2*l = 198. Suppose -o = 4*t - 10, o - 9 = -11. Suppose -t*g + 7 = -11. What is the remainder when b is divided by g?
4
Let k be (-2982)/(-14) + (-5)/((-15)/(-6)). Suppose -4*n - 115 - k = -2*q, -5 = -n. What is the remainder when q is divided by 36?
29
Suppose -k = x - 1286, 5*k + 403*x - 408*x - 6490 = 0. Calculate the remainder when k is divided by 128.
12
Let l(g) = 7*g**2 + 215*g + 76. What is the remainder when 672 is divided by l(-31)?
120
Let l = 7774 - 7752. Calculate the remainder when 939 is divided by l.
15
Suppose k - 25*p + 21*p - 5578 = 0, 0 = 4*p - 24. Calculate the remainder when k is divided by 95.
92
Let q = -37586 + 37604. Let s(c) = 3*c**2 - 3*c - 1. What is the remainder when s(-5) is divided by q?
17
Let x = 16 - -9. Let l = -74 + 40. Let m = l + 47. Calculate the remainder when x is divided by m.
12
Let l = 6439 + -5580. What is the remainder when l is divided by 21?
19
Let c(t) = 2*t**3 + 36*t**2 + 2*t + 55. Calculate the remainder when